7401. Calculate a(-8).
23
Let n(c) = -173*c + 444. Give n(3).
-75
Let n(s) = -s**3 + 15*s**2 - 17*s + 44. Give n(14).
2
Let c(r) = -16*r**2 + 153*r - 34. Determine c(9).
47
Let x(j) = -1262*j - 12615. What is x(-10)?
5
Let o(a) = -a**2 + 42*a - 726. What is o(23)?
-289
Let b(k) = -119*k - 3490. Calculate b(-28).
-158
Let p(z) = z**3 - 6*z**2 + 9*z - 14. What is p(4)?
-10
Let r(z) = 64*z**2 + 131*z + 8. What is r(-2)?
2
Let p(z) = 2*z**2 + 27*z - 596. Calculate p(11).
-57
Let t(y) = y**2 - 31*y. Give t(40).
360
Let r(b) = 10*b**2 - 2*b - 57. What is r(-4)?
111
Let s(t) = 10*t**2 - 7*t - 12. What is s(5)?
203
Let z(x) = 5*x**2 + 126*x - 45. What is z(-25)?
-70
Let p(r) = 3*r**3 + 176*r**2 + 116*r - 9. Determine p(-58).
-9
Let o(c) = 2*c + 77. Give o(5).
87
Let p(r) = 34*r + 159. Calculate p(-5).
-11
Let a(n) = -76*n**2 - 9*n + 49. What is a(3)?
-662
Let o(t) = 4*t**2 + 161*t - 593. Calculate o(-43).
-120
Let u(m) = 35*m**2 - 1261*m + 31. What is u(36)?
-5
Let b(p) = 52*p + 273. Calculate b(-5).
13
Let m(o) = o**3 - 11*o**2 - 306*o + 1389. Determine m(22).
-19
Let f(v) = 2*v**2 + 295*v + 5495. What is f(-22)?
-27
Let k(c) = -c**2 - 31*c - 94. Give k(-24).
74
Let t(p) = 32*p**2 + 10*p + 9. Calculate t(-3).
267
Let c(x) = -x**3 - 66*x**2 + 303*x + 1580. Give c(-70).
-30
Let c(y) = -y**2 - 111*y + 392. Determine c(-115).
-68
Let k(g) = g**3 + 48*g**2 - 1727*g - 22. Give k(24).
2
Let c(m) = -m**3 + 21*m**2 + 2*m - 31. Calculate c(21).
11
Let w(u) = -u**2 + 7*u + 124. Give w(-9).
-20
Let f(d) = d**3 + 49*d**2 + 43*d - 234. What is f(-48)?
6
Let u(t) = -16*t**3 - 3*t**2 + 8*t - 5. Calculate u(1).
-16
Let z(g) = 118*g + 1196. What is z(-10)?
16
Let a(b) = -878*b + 7020. Give a(8).
-4
Let g(f) = -3*f**3 + 94*f**2 - 109*f - 280. Determine g(30).
50
Let h(g) = -g**3 - 9*g**2 - 11*g + 24. Calculate h(-8).
48
Let h(o) = -11*o - 37. What is h(14)?
-191
Let k(n) = -12*n**2 + 30*n + 60. Calculate k(-2).
-48
Let z(g) = -60*g - 2638. What is z(-44)?
2
Let j(x) = x**3 + 19*x**2 + 4*x - 13. Calculate j(-19).
-89
Let l(c) = -3*c**2 - 23*c - 10. Calculate l(3).
-106
Let o(h) = 2*h**3 + 29*h**2 + 36*h - 38. What is o(-13)?
1
Let n(b) = b**2 + 40*b + 507. Calculate n(-12).
171
Let q(p) = -5*p**3 - 14*p**2 + 7*p + 2. Give q(-3).
-10
Let k(p) = -61*p**2 + 768*p + 336. Calculate k(13).
11
Let u(b) = 26*b + 3415. What is u(-125)?
165
Let s(j) = j**2 - 62*j + 926. Give s(38).
14
Let g(f) = -f**3 + 8*f**2 + 52*f - 397. Give g(9).
-10
Let c(a) = -2*a**2 + 8382*a - 208296. What is c(25)?
4
Let q(y) = -y**3 + 23*y**2 + 2*y - 51. What is q(23)?
-5
Let a(g) = 69*g**3 - 280*g**2 + 3*g + 25. Calculate a(4).
-27
Let o(z) = 724*z + 7239. What is o(-10)?
-1
Let w(d) = -366*d - 35487. Determine w(-97).
15
Let d(l) = 135*l - 37810. Calculate d(280).
-10
Let i(c) = c**2 + 74*c + 1368. Give i(-35).
3
Let v(q) = q**2 - 91*q + 2111. Calculate v(34).
173
Let y(o) = 2*o**3 + 112*o**2 - 354*o + 11. Give y(-59).
11
Let g(c) = -c**2 + 6*c - 112. Calculate g(11).
-167
Let x(o) = 24*o**2 + 88*o + 54. Determine x(-3).
6
Let i(f) = f**2 - 30*f - 4. Calculate i(0).
-4
Let y(o) = o**3 - 304*o**2 + 240*o + 19094. Calculate y(303).
5
Let t(p) = 4*p**2 - 8*p - 130. Give t(-14).
766
Let h(f) = 29*f + 105. Calculate h(-3).
18
Let x(v) = -8*v**2 - 109*v - 104. Determine x(-13).
-39
Let b(l) = -l**2 + 524*l + 1576. Calculate b(-3).
-5
Let a(n) = 48*n - 1676. What is a(35)?
4
Let o(d) = 443*d - 8432. Calculate o(19).
-15
Let v(i) = -5*i**3 - i + 9. Determine v(-2).
51
Let p(f) = 4*f**3 - 18*f**2 + 8*f + 17. Determine p(3).
-13
Let w(j) = -j**3 + 71*j**2 - 26*j + 1880. Give w(71).
34
Let p(f) = -2940*f**2 + 11757*f + 12. What is p(4)?
0
Let z(t) = t**2 - 35*t - 289. Determine z(38).
-175
Let m(r) = -8*r**2 + 22*r + 23. Determine m(4).
-17
Let w(a) = -a**3 - 54*a**2 - 157*a - 218. Give w(-51).
-14
Let q(v) = -4*v**2 - 112*v + 244. Determine q(-30).
4
Let r(x) = x**2 - 90*x + 1534. Give r(22).
38
Let u(t) = -6*t**3 + 25*t**2 + 8*t. Give u(3).
87
Let s(r) = 9*r**2 + 212*r + 307. Give s(-22).
-1
Let x(m) = 19*m + 223. Give x(-11).
14
Let i(t) = -9*t - 559. Calculate i(-80).
161
Let k(w) = 484*w + 50. Give k(0).
50
Let v(g) = 40*g + 37. What is v(-7)?
-243
Let i(x) = 7*x**2 - 20*x - 44. What is i(9)?
343
Let l(y) = y**3 - 20*y**2 + 26*y - 54. What is l(18)?
-234
Let s(o) = o**2 - 56*o + 740. Determine s(21).
5
Let l(g) = -31*g + 2013. Calculate l(56).
277
Let v(m) = -m**2 + 4*m + 120. Give v(14).
-20
Let i(m) = m**2 + 43*m + 430. Calculate i(-11).
78
Let k(o) = o**2 - 32*o - 2269. Give k(-34).
-25
Let t(p) = -16*p**2 - 22*p - 26. What is t(-4)?
-194
Let u(o) = -82*o + 2369. Give u(29).
-9
Let o(z) = 10*z - 430. Calculate o(37).
-60
Let a(r) = -r**3 - 60*r**2 + 188*r - 53. What is a(-63)?
10
Let g(h) = -4*h**2 - 64*h - 207. Determine g(-11).
13
Let a(n) = 66*n - 395. Determine a(7).
67
Let b(i) = -i**3 + 2*i**2 + 104*i - 163. Determine b(-10).
-3
Let y(j) = -j**3 - 13*j**2 - 46*j - 158. What is y(-10)?
2
Let l(w) = -w + 274. Give l(271).
3
Let z(t) = 2*t**3 + 34*t**2 + 83*t - 10. What is z(-14)?
4
Let y(o) = o**3 + 50*o**2 + 40*o - 68. Determine y(-49).
373
Let j(i) = 59*i - 1110. Determine j(12).
-402
Let i(f) = 3*f**3 - 32*f**2 + 19*f + 27. What is i(10)?
17
Let u(j) = 1038*j - 25944. Give u(25).
6
Let q(o) = -o**3 - 165*o**2 + 5852*o - 65. Determine q(30).
-5
Let r(s) = s**2 - 6188*s + 49434. Calculate r(8).
-6
Let h(d) = -54*d + 85. What is h(-9)?
571
Let d(o) = 48*o**2 + 7825*o + 160. What is d(-163)?
-3
Let t(j) = 10*j - 175. Give t(18).
5
Let a(g) = g**3 + 2*g**2 - 30*g - 8. Calculate a(-6).
28
Let y(p) = p**2 + 51*p + 443. Give y(-39).
-25
Let v(n) = -1128*n - 5646. Give v(-5).
-6
Let x(h) = 17*h**3 + 8*h**2 + 18*h - 3. Calculate x(-2).
-143
Let j(x) = -x**3 - 7*x**2 - 77*x - 711. Calculate j(-8).
-31
Let w(c) = -89*c - 451. Give w(-5).
-6
Let t(l) = -l**2 - 217*l - 1099. Give t(-5).
-39
Let y(w) = w**2 - 44*w + 120. Determine y(3).
-3
Let s(o) = o**2 + 548*o + 24468. What is s(-49)?
17
Let g(x) = -x**3 - 48*x**2 - 263*x + 27. Determine g(-41).
-957
Let w(d) = -4*d**2 - 31*d + 296. Calculate w(6).
-34
Let w(p) = p**3 + 17*p**2 - 67*p - 134. Give w(-20).
6
Let w(u) = -2*u**3 + u**2 - 7*u + 9. Determine w(3).
-57
Let u(j) = -18*j**2 + 39*j + 139. Determine u(-3).
-140
Let d(x) = x**2 + 68*x - 290. Calculate d(-74).
154
Let l(d) = -2*d**3 + 114*d**2 - 108*d - 212. What is l(56)?
12
Let g(o) = -122*o + 3324. Determine g(27).
30
Let z(n) = -n**2 - 52*n + 572. Give z(10).
-48
Let m(a) = a**2 + 75*a + 1178. Give m(-22).
12
Let u(o) = 10*o + 92. Give u(-10).
-8
Let v(k) = 2*k**3 - 3*k**2 - 5*k + 832. Calculate v(0).
832
Let y(k) = -k**3 - 82*k**2 - 1063*k - 465. What is y(-66)?
-3
Let l(b) = -b**2 + 786*b + 3155. Determine l(-4).
-5
Let s(d) = 41*d**2 + 3285*d + 192. Give s(-80).
-208
Let i(n) = -60*n + 2099. Determine i(35).
-1
Let u(k) = k**3 + 3*k**2 + 5*k + 18. Determine u(-4).
-18
Let h(f) = -f**2 + 4*f + 122. Give h(20).
-198
Let l(f) = -22*f**2 + 21*f - 14. Calculate l(1).
-15
Let b(x) = -2*x**2 - 49*x - 162. Calculate b(-7).
83
Let x(y) = 81*y - 94. Determine x(4).
230
Let k(a) = 2*a**3 - 7*a**2 - 50*a + 178. What is k(3)?
19
Let p(q) = -458*q + 5534. What is p(12)?
38
Let b(g) = -52*g - 58. Determine b(-1).
-6
Let i(o) = 294*o + 832. Calculate i(-3).
-50
Let q(v) = -13*v**2 - 113*v + 3. Give q(-9).
-33
Let g(o) = 2*o**3 + 268*o**2 - 5*o - 674. What is g(-134)?
-4
Let u(n) = n**2 - 104*n - 970. Determine u(110).
-310
Let k(n) = 1304*n - 26068. Give k(20).
12
Let z(n) = 2*n**2 + 40*n - 3. Determine z(0).
-3
Let k(w) = -w**2 - 125*w + 1350. Determine k(-135).
0
Let b(f) = -21*f**3 + f**2 - 24*f + 22. What is b(1)?
-22
Let u(n) = -n**2 + 31*n + 403. Give u(38).
137
Let j(y) = -5*y**3 - 21*y**2 + 18*y + 48. Give j(-7).
608
Let m(f) = 267*f + 2676. Give m(-10).
6
Let x(y) = 2*y**3 + 25*y**2 + 3*y + 230. What is x(-13)?
22
Let q(r) = r**3 - 30*r**2 + 100*r + 112. Calculate q(26).
8
Let z(h) = 2*h**2 - 42*h + 213. Give z(10).
-7
Let t(b) = -14*b**2 - 89*b - 19. Give t(-6).
11
Let l(g) = 99*g + 46. Calculate l(2).
244
Let a(n) = n**2 + 204*n - 1670. Give a(8).
26
Let o(g) = g**2 - 35*g + 95. What is o(3)?
-1
Let r(d) = -53*d - 176. Calculate r(-3).
-17
Let g(w) = 8*w**2 + 61*w + 279. Calculate g(-3).
168
Let t(